680?
614
What is the remainder when 26224635 is divided by 90?
75
What is the remainder when 7578207 is divided by 110?
87
Calculate the remainder when 1250083 is divided by 125002.
63
Calculate the remainder when 3772392 is divided by 100.
92
Calculate the remainder when 416206 is divided by 4242.
490
Calculate the remainder when 4205126 is divided by 18857.
15
What is the remainder when 1214678 is divided by 1213232?
1446
Calculate the remainder when 44758 is divided by 4944.
262
What is the remainder when 930 is divided by 10?
0
Calculate the remainder when 4673748 is divided by 257.
203
What is the remainder when 112617930 is divided by 1115029?
1
Calculate the remainder when 22175094 is divided by 50.
44
What is the remainder when 40575 is divided by 193?
45
What is the remainder when 72723109 is divided by 54?
13
What is the remainder when 20489345 is divided by 14?
9
Calculate the remainder when 2245252 is divided by 7611.
7
What is the remainder when 1857605 is divided by 204?
185
What is the remainder when 3589859 is divided by 5885?
9
What is the remainder when 1197379 is divided by 257?
16
What is the remainder when 98756617 is divided by 41?
40
Calculate the remainder when 978684 is divided by 25092.
96
What is the remainder when 1145983 is divided by 163710?
13
What is the remainder when 94325501 is divided by 3328?
3325
What is the remainder when 98674 is divided by 12051?
2266
What is the remainder when 1859335 is divided by 432?
7
What is the remainder when 525213 is divided by 525139?
74
What is the remainder when 157486 is divided by 2808?
238
Calculate the remainder when 19000200 is divided by 32.
8
What is the remainder when 3535843 is divided by 64288?
3
What is the remainder when 18066195 is divided by 738?
693
What is the remainder when 124752 is divided by 4669?
3358
What is the remainder when 9584763 is divided by 435671?
1
What is the remainder when 82292471 is divided by 3356?
3351
Calculate the remainder when 418638 is divided by 209284.
70
Calculate the remainder when 2311044 is divided by 2929.
63
Calculate the remainder when 578243 is divided by 72270.
83
What is the remainder when 29752201 is divided by 39?
37
What is the remainder when 234699 is divided by 78203?
90
Calculate the remainder when 1060844 is divided by 26518.
124
Calculate the remainder when 15381 is divided by 896.
149
What is the remainder when 6737996 is divided by 12?
8
What is the remainder when 1834475 is divided by 8941?
1570
What is the remainder when 1044620 is divided by 852?
68
What is the remainder when 14837620 is divided by 4945814?
178
Calculate the remainder when 382015 is divided by 247.
153
Calculate the remainder when 3583236 is divided by 2413.
2344
Calculate the remainder when 1679425 is divided by 10178.
55
What is the remainder when 1726595 is divided by 4295?
5
Calculate the remainder when 1080913 is divided by 87.
25
Calculate the remainder when 30373 is divided by 157.
72
What is the remainder when 83065 is divided by 3475?
3140
What is the remainder when 100937196 is divided by 2559?
0
Calculate the remainder when 403051 is divided by 1882.
303
What is the remainder when 85550455 is divided by 28516818?
1
Calculate the remainder when 2806321 is divided by 8770.
8691
What is the remainder when 46954 is divided by 52?
50
What is the remainder when 317186 is divided by 63147?
1451
Calculate the remainder when 1227662 is divided by 4133.
161
Calculate the remainder when 3959407 is divided by 2123.
12
What is the remainder when 9082573 is divided by 583?
16
What is the remainder when 140787 is divided by 1226?
1023
Calculate the remainder when 162476 is divided by 4521.
4241
Calculate the remainder when 138112 is divided by 1158.
310
What is the remainder when 49832 is divided by 4141?
140
Calculate the remainder when 5818943 is divided by 492.
59
What is the remainder when 386513 is divided by 3042?
179
Calculate the remainder when 635208 is divided by 127023.
93
Calculate the remainder when 2001863 is divided by 379.
364
Calculate the remainder when 2725233 is divided by 1375.
1358
What is the remainder when 994779 is divided by 4789?
3456
Calculate the remainder when 6481 is divided by 5612.
869
What is the remainder when 285727 is divided by 907?
22
Calculate the remainder when 278184259 is divided by 552.
547
What is the remainder when 173056 is divided by 435?
361
Calculate the remainder when 472851 is divided by 156691.
2778
Calculate the remainder when 979137 is divided by 1115.
167
What is the remainder when 198924 is divided by 8661?
8382
Calculate the remainder when 88140 is divided by 5252.
4108
Calculate the remainder when 213387 is divided by 20854.
4847
Calculate the remainder when 1225 is divided by 278.
113
What is the remainder when 333385238 is divided by 45?
38
Calculate the remainder when 45252112 is divided by 4295.
4287
What is the remainder when 21436986 is divided by 11?
10
What is the remainder when 1842415 is divided by 634?
11
What is the remainder when 175225 is divided by 43473?
1333
What is the remainder when 6849462 is divided by 2282833?
963
What is the remainder when 2712583 is divided by 2740?
2723
What is the remainder when 98630 is divided by 32832?
134
Calculate the remainder when 988102 is divided by 164.
2
Calculate the remainder when 2750633 is divided by 534.
533
What is the remainder when 1220148 is divided by 110919?
39
Calculate the remainder when 5482039 is divided by 1827332.
43
What is the remainder when 518639 is divided by 2152?
7
Calculate the remainder when 45162074 is divided by 332074.
10
What is the remainder when 61615 is divided by 1849?
598
Calculate the remainder when 556104724 is divided by 25.
24
Calculate the remainder when 944377 is divided by 472031.
315
What is the remainder when 10988916 is divided by 84?
36
What is the remainder when 5143005 is divided by 157?
156
What is the remainder when 428627 is divided by 214290?
47
What is the remainder when 39906083 is divided by 3040?
3
What is the remainder when 102550 is divided by 50867?
816
What is the remainder when 348067 is divided by 2257?
489
What is the remainder when 69051 is divided by 68954?
97
What is the remainder when 682760 is divided by 2218?
1834
What is the remainder when 65202 is divided by 103?
3
Calculate the remainder when 15441383 is divided by 214.
213
What is the remainder when 31003 is divided by 29284?
1719
What is the remainder when 115818 is divided by 2520?
2418
Calculate the remainder when 66082 is divided by 16021.
1998
Calculate the remainder when 60336 is divided by 17888.
6672
Calculate the remainder when 742414 is divided by 1711.
1551
What is the remainder when 5471184 is divided by 55?
4
Calculate the remainder when 16203363 is divided by 651.
624
What is the remainder when 831955 is divided by 39614?
61
Calculate the remainder when 6650995 is divided by 2263.
38
Calculate the remainder when 752359 is divided by 375741.
877
What is the remainder when 2012656 is divided by 345?
271
What is the remainder when 31548553 is divided by 2719?
2715
What is the remainder when 1554179 is divided by 98?
95
Calculate the remainder when 4774051 is divided by 1398.
1279
Calculate the remainder when 19569358 is divided by 9683.
15
Calculate the remainder when 195520 is divided by 1007.
162
Calculate the remainder when 36030961 is divided by 97.
20
Calculate the remainder when 6528447 is divided by 355.
352
What is the remainder when 16498 is divided by 7923?
652
Calculate the remainder when 599745 is divided by 299855.
35
What is the remainder when 27905056 is divided by 71?
68
Calculate the remainder when 4206596 is divided by 37.
29
Calculate the remainder when 14414 is divided by 6128.
2158
Calculate the remainder when 24927795 is divided by 18.
9
What is the remainder when 24940117 is divided by 229?
185
What is the remainder when 3282003 is divided by 7166?
7141
Calculate the remainder when 664968 is divided by 51149.
31
What is the remainder when 6635028 is divided by 37699?
4
What is the remainder when 470855 is divided by 916?
31
Calculate the remainder when 37890 is divided by 1795.
195
Calculate the remainder when 63740 is divided by 63337.
403
What is the remainder when 709518 